{"id":7729,"date":"2019-11-27T21:22:55","date_gmt":"2019-11-27T21:22:55","guid":{"rendered":"http:\/\/2urh.animaker.com.br\/?page_id=7729"},"modified":"2025-04-07T13:34:02","modified_gmt":"2025-04-07T13:34:02","slug":"centro-de-convivencia","status":"publish","type":"page","link":"https:\/\/ccdq.animaker.com.br\/?page_id=7729","title":{"rendered":"Centro de Conviv\u00eancia"},"content":{"rendered":"\n<div class=\"container section-title-container\" ><h3 class=\"section-title section-title-normal\"><b aria-hidden=\"true\"><\/b><span class=\"section-title-main\" >Pronto Atendimento Unidade I<\/span><b aria-hidden=\"true\"><\/b><\/h3><\/div>\n\n<div class=\"row\"  id=\"row-474061047\">\n\n\n\t<div id=\"col-485222118\" class=\"col small-12 large-12\"  >\n\t\t\t\t<div class=\"col-inner\"  >\n\t\t\t\n\t\t\t\n\n<p style=\"text-align: justify;\"><span style=\"font-size: 75%;\"><button id=\"bb1\" type=\"button\" value=\"Play\" class=\"responsivevoice-button\" title=\"ResponsiveVoice Tap to Start\/Stop Speech\"><span>&#128266; Ouvir<\/span><\/button>\n        <script>\n            bb1.onclick = function(){\n                if(responsiveVoice.isPlaying()){\n                    responsiveVoice.cancel();\n                }else{\n                    responsiveVoice.speak(\"O Pronto Atendimento realiza a avalia\u00e7\u00e3o de risco e defini\u00e7\u00e3o da melhor estrat\u00e9gia de cuidados \u00e0s pessoas com necessidades relacionadas \u00e0 depend\u00eancia qu\u00edmica em cenas abertas de uso. Essa avalia\u00e7\u00e3o inicial \u00e9 importante para a compreens\u00e3o da demanda trazida e buscar a oferta adequada para o paciente. O atendimento \u00e9 multiprofissional e conta com uma equipe de m\u00e9dicos, enfermeiros, psic\u00f3logos e assistentes sociais. A avalia\u00e7\u00e3o multiprofissional envolve a escuta t\u00e9cnica e a considera\u00e7\u00e3o de diversas demandas de sa\u00fade frequentemente associadas ao uso de subst\u00e2ncias, como comorbidades cl\u00ednicas e transtornos mentais. O Pronto Atendimento \u00e9 referenciado e recebe pacientes encaminhados das equipes de abordagens de rua e de outras unidades de sa\u00fade. O objetivo principal do setor envolve a identifica\u00e7\u00e3o e o tratamento de situa\u00e7\u00f5es de crise que est\u00e3o associadas ao uso de subst\u00e2ncias das pessoas que s\u00e3o encaminhadas.\", \"Brazilian Portuguese Female\");\n                }\n            };\n        <\/script>\n    <\/span><span style=\"font-weight: 400;\">O Pronto Atendimento realiza a avalia\u00e7\u00e3o de risco e defini\u00e7\u00e3o da melhor estrat\u00e9gia de cuidados \u00e0s pessoas com necessidades relacionadas \u00e0 depend\u00eancia qu\u00edmica em cenas abertas de uso. Essa avalia\u00e7\u00e3o inicial \u00e9 importante para a compreens\u00e3o da demanda trazida e buscar a oferta adequada para o paciente. O atendimento \u00e9 multiprofissional e conta com uma equipe de m\u00e9dicos, enfermeiros, psic\u00f3logos e assistentes sociais. A avalia\u00e7\u00e3o multiprofissional envolve a escuta t\u00e9cnica e a considera\u00e7\u00e3o de diversas demandas de sa\u00fade frequentemente associadas ao uso de subst\u00e2ncias, como comorbidades cl\u00ednicas e transtornos mentais.<\/span><\/p>\n<p style=\"text-align: justify;\"><span style=\"font-weight: 400;\">O Pronto Atendimento \u00e9 referenciado e recebe pacientes encaminhados das equipes de abordagens de rua e de outras unidades de sa\u00fade. O objetivo principal do setor envolve a identifica\u00e7\u00e3o e o tratamento de situa\u00e7\u00f5es de crise que est\u00e3o associadas ao uso de subst\u00e2ncias das pessoas que s\u00e3o encaminhadas.<\/span><\/p>\n<p style=\"text-align: justify;\">\n\n\t\t<\/div>\n\t\t\t\t\t<\/div>\n\n\t\n\n<\/div>\n\n","protected":false},"excerpt":{"rendered":"","protected":false},"author":14,"featured_media":0,"parent":0,"menu_order":0,"comment_status":"closed","ping_status":"closed","template":"","meta":{"footnotes":""},"class_list":["post-7729","page","type-page","status-publish","hentry"],"_links":{"self":[{"href":"https:\/\/ccdq.animaker.com.br\/index.php?rest_route=\/wp\/v2\/pages\/7729","targetHints":{"allow":["GET"]}}],"collection":[{"href":"https:\/\/ccdq.animaker.com.br\/index.php?rest_route=\/wp\/v2\/pages"}],"about":[{"href":"https:\/\/ccdq.animaker.com.br\/index.php?rest_route=\/wp\/v2\/types\/page"}],"author":[{"embeddable":true,"href":"https:\/\/ccdq.animaker.com.br\/index.php?rest_route=\/wp\/v2\/users\/14"}],"replies":[{"embeddable":true,"href":"https:\/\/ccdq.animaker.com.br\/index.php?rest_route=%2Fwp%2Fv2%2Fcomments&post=7729"}],"version-history":[{"count":0,"href":"https:\/\/ccdq.animaker.com.br\/index.php?rest_route=\/wp\/v2\/pages\/7729\/revisions"}],"wp:attachment":[{"href":"https:\/\/ccdq.animaker.com.br\/index.php?rest_route=%2Fwp%2Fv2%2Fmedia&parent=7729"}],"curies":[{"name":"wp","href":"https:\/\/api.w.org\/{rel}","templated":true}]}}