{"id":7568,"date":"2018-10-01T17:29:38","date_gmt":"2018-10-01T20:29:38","guid":{"rendered":"http:\/\/hmbfm.spdmafiliadas.org.br\/?page_id=7165"},"modified":"2025-06-23T22:22:33","modified_gmt":"2025-06-23T22:22:33","slug":"acesso-a-informacao-urh","status":"publish","type":"page","link":"https:\/\/ccdq.animaker.com.br\/?page_id=7568","title":{"rendered":"Acesso a Informa\u00e7\u00e3o"},"content":{"rendered":"\n<div class=\"container section-title-container\" ><h3 class=\"section-title section-title-normal\"><b aria-hidden=\"true\"><\/b><span class=\"section-title-main\" >Acesso a Informa\u00e7\u00e3o<\/span><b aria-hidden=\"true\"><\/b><\/h3><\/div>\n\n<div class=\"row\"  id=\"row-590466934\">\n\n\n\t<div id=\"col-839772992\" class=\"col small-12 large-12\"  >\n\t\t\t\t<div class=\"col-inner\"  >\n\t\t\t\n\t\t\t\n\n<p>LEI DE ACESSO \u00c0 INFORMA\u00c7\u00c3O P\u00daBLICA &#8211; LEI 12.527, de 18 de novembro de 2011<\/p>\n<p style=\"text-align: right\"><span style=\"font-size: 75%\"><button id=\"bb1\" type=\"button\" value=\"Play\" class=\"responsivevoice-button\" title=\"ResponsiveVoice Tap to Start\/Stop Speech\"><span>&#128266; Ouvir<\/span><\/button>\n        <script>\n            bb1.onclick = function(){\n                if(responsiveVoice.isPlaying()){\n                    responsiveVoice.cancel();\n                }else{\n                    responsiveVoice.speak(\"Regula o acesso a informa\u00e7\u00f5es previsto no inciso XXXIII do art. 5o, no inciso II do \u00a7 3o do art. 37 e no \u00a7 2o do art. 216 da Constitui\u00e7\u00e3o Federal; altera a Lei no 8.112, de 11 de dezembro de 1990; revoga a Lei no 11.111, de 5 de maio de 2005, e dispositivos da Lei no 8.159, de 8 de janeiro de 1991; e d\u00e1 outras provid\u00eancias. ACESSO AO PORTAL DA TRANSPAR\u00caNCIA ESTADUAL (http:\/\/www.portaldatransparencia.saude.sp.gov.br\/)\", \"Brazilian Portuguese Female\");\n                }\n            };\n        <\/script>\n    <\/span><\/p>\n<p style=\"text-align: justify\">Regula o acesso a informa\u00e7\u00f5es previsto no inciso XXXIII do art. 5o, no inciso II do \u00a7 3o do art. 37 e no \u00a7 2o do art. 216 da Constitui\u00e7\u00e3o Federal; altera a Lei no 8.112, de 11 de dezembro de 1990; revoga a Lei no 11.111, de 5 de maio de 2005, e dispositivos da Lei no 8.159, de 8 de janeiro de 1991; e d\u00e1 outras provid\u00eancias.<\/p>\n<p><a href=\"http:\/\/www.portaldatransparencia.saude.sp.gov.br\/\" target=\"_blank\" rel=\"noopener noreferrer\">ACESSO AO PORTAL DA TRANSPAR\u00caNCIA ESTADUAL<\/a><\/p>\n<p><a href=\"http:\/\/www.portaldatransparencia.saude.sp.gov.br\/\" target=\"_blank\" rel=\"noopener noreferrer\">(http:\/\/www.portaldatransparencia.saude.sp.gov.br\/)<\/a><\/p>\n\n<div class=\"accordion\">\n\n\t<div id=\"accordion-973225324\" class=\"accordion-item\">\n\t\t<a id=\"accordion-973225324-label\" class=\"accordion-title plain\" href=\"#accordion-item-atividades-e-resultados\" aria-expanded=\"false\" aria-controls=\"accordion-973225324-content\">\n\t\t\t<button class=\"toggle\" aria-label=\"Toggle\"><i class=\"icon-angle-down\" aria-hidden=\"true\"><\/i><\/button>\n\t\t\t<span>Atividades e Resultados<\/span>\n\t\t<\/a>\n\t\t<div id=\"accordion-973225324-content\" class=\"accordion-inner\" aria-labelledby=\"accordion-973225324-label\">\n\t\t\t\n\n<h5>Relat\u00f3rio de Atividades Unidades I e II<\/h5>\n<ul>\n<li><a href=\"http:\/\/ccdq.animaker.com.br\/wp-content\/uploads\/sites\/161\/2025\/06\/2025-Contratado-X-Realizado-2.pdf\">2025 \u2013 Contratado x Realizado<\/a>\u00a0(<a href=\"http:\/\/ccdq.animaker.com.br\/wp-content\/uploads\/sites\/161\/2025\/06\/2025-Contratado-X-Realizado-1-1.xlsx\">exportar Excel)<\/a> (\u00a0<a href=\"http:\/\/ccdq.animaker.com.br\/wp-content\/uploads\/sites\/161\/2025\/06\/2025-Contratado-X-Realizado-2.txt\">exportar TXT\u00a0<\/a>) (\u00a0<a href=\"http:\/\/ccdq.animaker.com.br\/wp-content\/uploads\/sites\/161\/2025\/06\/2025-Contratado-X-Realizado-2.csv\">exportar CSV\u00a0<\/a>)<\/li>\n<li><a href=\"http:\/\/ccdq.animaker.com.br\/wp-content\/uploads\/sites\/161\/2025\/06\/2024-Contratado-X-Realizado-2.pdf\">2024 \u2013 Contratado x Realizado<\/a>\u00a0(<a href=\"http:\/\/ccdq.animaker.com.br\/wp-content\/uploads\/sites\/161\/2025\/06\/2024-Contratado-X-Realizado-1.xlsx\">exportar Excel)<\/a> (\u00a0<a href=\"http:\/\/ccdq.animaker.com.br\/wp-content\/uploads\/sites\/161\/2025\/06\/2024-Contratado-X-Realizado-1.txt\">exportar TXT<\/a>\u00a0) (\u00a0<a href=\"http:\/\/ccdq.animaker.com.br\/wp-content\/uploads\/sites\/161\/2025\/06\/2024-Contratado-X-Realizado-1.csv\">exportar CSV<\/a>\u00a0)<\/li>\n<\/ul>\n<h5>\u00a0<\/h5>\n\n\t\t<\/div>\n\t<\/div>\n\t\n\t<div id=\"accordion-3346545270\" class=\"accordion-item\">\n\t\t<a id=\"accordion-3346545270-label\" class=\"accordion-title plain\" href=\"#accordion-item-certificados\" aria-expanded=\"false\" aria-controls=\"accordion-3346545270-content\">\n\t\t\t<button class=\"toggle\" aria-label=\"Toggle\"><i class=\"icon-angle-down\" aria-hidden=\"true\"><\/i><\/button>\n\t\t\t<span>Certificados<\/span>\n\t\t<\/a>\n\t\t<div id=\"accordion-3346545270-content\" class=\"accordion-inner\" aria-labelledby=\"accordion-3346545270-label\">\n\t\t\t\n\n<p><a href=\"https:\/\/www.spdm.org.br\/acesso-a-informacao\/certificados\"><span style=\"font-weight: 400\">Certificados<\/span><\/a><\/p>\n\n\t\t<\/div>\n\t<\/div>\n\t\n\t<div id=\"accordion-346306307\" class=\"accordion-item\">\n\t\t<a id=\"accordion-346306307-label\" class=\"accordion-title plain\" href=\"#accordion-item-compras\" aria-expanded=\"false\" aria-controls=\"accordion-346306307-content\">\n\t\t\t<button class=\"toggle\" aria-label=\"Toggle\"><i class=\"icon-angle-down\" aria-hidden=\"true\"><\/i><\/button>\n\t\t\t<span>Compras<\/span>\n\t\t<\/a>\n\t\t<div id=\"accordion-346306307-content\" class=\"accordion-inner\" aria-labelledby=\"accordion-346306307-label\">\n\t\t\t\n\n<p><a href=\"http:\/\/ccdq.animaker.com.br\/wp-content\/uploads\/sites\/161\/2025\/06\/Regulamento-de-Compras-Complexo-de-Cuidados.pdf\">REGULAMENTO DE COMPRAS COMPLEXO DE CUIDADOS<\/a><\/p>\n\n\t\t<\/div>\n\t<\/div>\n\t\n\t<div id=\"accordion-3287770103\" class=\"accordion-item\">\n\t\t<a id=\"accordion-3287770103-label\" class=\"accordion-title plain\" href=\"#accordion-item-covid-19\" aria-expanded=\"false\" aria-controls=\"accordion-3287770103-content\">\n\t\t\t<button class=\"toggle\" aria-label=\"Toggle\"><i class=\"icon-angle-down\" aria-hidden=\"true\"><\/i><\/button>\n\t\t\t<span>COVID-19<\/span>\n\t\t<\/a>\n\t\t<div id=\"accordion-3287770103-content\" class=\"accordion-inner\" aria-labelledby=\"accordion-3287770103-label\">\n\t\t\t\n\n<h5>Despesas Relacionadas ao Enfrentamento da Pandemia COVID-19<\/h5>\n<p>Em cumprimento a Lei Federal N\u00ba 13.979\/2020.<\/p>\n<h5>Unidades I e II:<\/h5>\n<ul>\n<li><a href=\"http:\/\/ccdq.animaker.com.br\/wp-content\/uploads\/sites\/161\/2025\/06\/2025-Aquisicao-de-Insumos-COVID-19-2.pdf\">2025 -Aquisic\u0327a\u0303o de Insumos &#8211; COVID 19<\/a><\/li>\n<\/ul>\n\n\t\t<\/div>\n\t<\/div>\n\t\n\t<div id=\"accordion-2567321260\" class=\"accordion-item\">\n\t\t<a id=\"accordion-2567321260-label\" class=\"accordion-title plain\" href=\"#accordion-item-contrato-de-gest\u00e3o-\/-conv\u00eanio\" aria-expanded=\"false\" aria-controls=\"accordion-2567321260-content\">\n\t\t\t<button class=\"toggle\" aria-label=\"Toggle\"><i class=\"icon-angle-down\" aria-hidden=\"true\"><\/i><\/button>\n\t\t\t<span>Contrato de Gest\u00e3o \/ Conv\u00eanio<\/span>\n\t\t<\/a>\n\t\t<div id=\"accordion-2567321260-content\" class=\"accordion-inner\" aria-labelledby=\"accordion-2567321260-label\">\n\t\t\t\n\n<p>Contrato\/Conv\u00eanio<\/p>\n<ul>\n<li><a href=\"http:\/\/ccdq.animaker.com.br\/wp-content\/uploads\/sites\/161\/2025\/06\/2025-Termo-Aditivo-No01.2025.pdf\">2025 &#8211; Termo Aditivo N\u00ba01.2025<\/a><\/li>\n<li><a href=\"http:\/\/ccdq.animaker.com.br\/wp-content\/uploads\/sites\/161\/2025\/06\/2024-\u2013-Contrato-de-Gestao-SEI-No-024.00104652-2024-11.pdf\">2024 \u2013 Contrato de Gesta\u0303o &#8211; SEI N\u00ba 024.00104652-2024-11<\/a><\/li>\n<\/ul>\n<p>Publica\u00e7\u00e3o<\/p>\n<ul>\n<li><a href=\"http:\/\/ccdq.animaker.com.br\/wp-content\/uploads\/sites\/161\/2025\/06\/2025-Termo-Aditivo-No-01.2025-\u2013-Publicacao-Diario-Oficial.pdf\">2025 &#8211; Termo Aditivo N\u00ba 01.2025 \u2013 Publicac\u0327a\u0303o Dia\u0301rio Oficial<\/a><\/li>\n<li><a href=\"http:\/\/ccdq.animaker.com.br\/wp-content\/uploads\/sites\/161\/2025\/06\/2024-\u2013-Contrato-de-Gestao-\u2013-SEI-No-024.00104652-2024-11-\u2013-Publicacao-Diario-Oficial.pdf\">2024 \u2013 Contrato de Gesta\u0303o \u2013 SEI N\u00ba 024.00104652-2024-11 \u2013 Publicac\u0327a\u0303o Dia\u0301rio Oficial<\/a><\/li>\n<\/ul>\n<p>Plano de Trabalho<\/p>\n<ul>\n<li><a href=\"http:\/\/ccdq.animaker.com.br\/wp-content\/uploads\/sites\/161\/2025\/06\/2024-\u2013-Plano-de-Trabalho-Contrato-de-Gestao-\u2013-SEI-No-024.00104652-2024-11-.pdf\">2024 \u2013 Plano de Trabalho &#8211; Contrato de Gesta\u0303o \u2013 SEI N\u00ba 024.00104652-2024-11<\/a><\/li>\n<\/ul>\n\n\t\t<\/div>\n\t<\/div>\n\t\n\t<div id=\"accordion-1121555962\" class=\"accordion-item\">\n\t\t<a id=\"accordion-1121555962-label\" class=\"accordion-title plain\" href=\"#accordion-item-demonstrativos-cont\u00e1beis-e-financeiros\" aria-expanded=\"false\" aria-controls=\"accordion-1121555962-content\">\n\t\t\t<button class=\"toggle\" aria-label=\"Toggle\"><i class=\"icon-angle-down\" aria-hidden=\"true\"><\/i><\/button>\n\t\t\t<span>Demonstrativos Cont\u00e1beis e Financeiros<\/span>\n\t\t<\/a>\n\t\t<div id=\"accordion-1121555962-content\" class=\"accordion-inner\" aria-labelledby=\"accordion-1121555962-label\">\n\t\t\t\n\n<h5>Unidades I e II :<\/h5>\n<p>Balan\u00e7o Patrimonial<\/p>\n<ul>\n<li><a href=\"http:\/\/ccdq.animaker.com.br\/wp-content\/uploads\/sites\/161\/2025\/05\/2024-3.pdf\">2024<\/a><\/li>\n<\/ul>\n<p>Demonstrativo Financeiro Contratual<\/p>\n<ul>\n<li><a href=\"http:\/\/ccdq.animaker.com.br\/wp-content\/uploads\/sites\/161\/2025\/06\/DEMONSTRATIVO-FINANCEIRO-CONTRATUAL-2025-7.pdf\">DEMONSTRATIVO FINANCEIRO CONTRATUAL \u2013 2025<\/a>\u00a0(\u00a0<a href=\"http:\/\/ccdq.animaker.com.br\/wp-content\/uploads\/sites\/161\/2025\/06\/DEMONSTRATIVO-FINANCEIRO-CONTRATUAL-2025.xls\">exportar Excel\u00a0<\/a>) (<a href=\"http:\/\/ccdq.animaker.com.br\/wp-content\/uploads\/sites\/161\/2025\/06\/DEMONSTRATIVO-FINANCEIRO-CONTRATUAL-2025-7.txt\">\u00a0exportar TXT<\/a>\u00a0) (<a href=\"http:\/\/ccdq.animaker.com.br\/wp-content\/uploads\/sites\/161\/2025\/06\/DEMONSTRATIVO-FINANCEIRO-CONTRATUAL-2025-7.csv\">\u00a0exportar CSV\u00a0<\/a>)<\/li>\n<li><a href=\"http:\/\/ccdq.animaker.com.br\/wp-content\/uploads\/sites\/161\/2025\/05\/DEMONSTRATIVO-FINANCEIRO-CONTRATUAL-2024-5-1.pdf\">DEMONSTRATIVO FINANCEIRO CONTRATUAL \u2013 2024<\/a>\u00a0(\u00a0<a href=\"http:\/\/ccdq.animaker.com.br\/wp-content\/uploads\/sites\/161\/2025\/05\/DEMONSTRATIVO-FINANCEIRO-CONTRATUAL-2024-1.xls\">exportar Excel\u00a0<\/a>) (\u00a0<a href=\"http:\/\/ccdq.animaker.com.br\/wp-content\/uploads\/sites\/161\/2025\/05\/DEMONSTRATIVO-FINANCEIRO-CONTRATUAL-2024-1.txt\">exportar TXT<\/a>\u00a0) (<a href=\"http:\/\/ccdq.animaker.com.br\/wp-content\/uploads\/sites\/161\/2025\/05\/DEMONSTRATIVO-FINANCEIRO-CONTRATUAL-2024-1.csv\">\u00a0exportar CSV\u00a0<\/a>)<\/li>\n<\/ul>\n<p>Registros de Receitas e Despesas<\/p>\n<ul>\n<li><a href=\"http:\/\/ccdq.animaker.com.br\/wp-content\/uploads\/sites\/161\/2025\/06\/REGISTRO-DE-RECEITAS-E-DESPESAS-2025.pdf\">REGISTROS DE RECEITAS E DESPESAS \u2013 2025<\/a>\u00a0(<a href=\"http:\/\/ccdq.animaker.com.br\/wp-content\/uploads\/sites\/161\/2025\/06\/REGISTRO-DE-RECEITAS-E-DESPESAS-2025.xls\">\u00a0exportar Excel\u00a0<\/a>) (<a href=\"http:\/\/ccdq.animaker.com.br\/wp-content\/uploads\/sites\/161\/2025\/06\/REGISTRO-DE-RECEITAS-E-DESPESAS-2025.txt\">\u00a0exportar TXT<\/a>\u00a0) (\u00a0<a href=\"http:\/\/ccdq.animaker.com.br\/wp-content\/uploads\/sites\/161\/2025\/06\/REGISTRO-DE-RECEITAS-E-DESPESAS-2025.csv\">exportar CSV\u00a0<\/a>)<\/li>\n<li><a href=\"http:\/\/ccdq.animaker.com.br\/wp-content\/uploads\/sites\/161\/2025\/05\/REGISTRO-DE-RECEITAS-E-DESPESAS-2024-1.pdf\">REGISTROS DE RECEITAS E DESPESAS \u2013 2024<\/a>\u00a0(<a href=\"http:\/\/ccdq.animaker.com.br\/wp-content\/uploads\/sites\/161\/2025\/05\/REGISTRO-DE-RECEITAS-E-DESPESAS-2024.xls\">\u00a0exportar Excel\u00a0)<\/a> (<a href=\"http:\/\/ccdq.animaker.com.br\/wp-content\/uploads\/sites\/161\/2025\/05\/REGISTRO-DE-RECEITAS-E-DESPESAS-2024-1.txt\">\u00a0exportar TXT<\/a>\u00a0) (\u00a0<a href=\"http:\/\/ccdq.animaker.com.br\/wp-content\/uploads\/sites\/161\/2025\/05\/REGISTRO-DE-RECEITAS-E-DESPESAS-2024-1.csv\">exportar CSV<\/a>\u00a0)<\/li>\n<\/ul>\n\n\t\t<\/div>\n\t<\/div>\n\t\n\t<div id=\"accordion-596235790\" class=\"accordion-item\">\n\t\t<a id=\"accordion-596235790-label\" class=\"accordion-title plain\" href=\"#accordion-item-estrutura-organizacional\" aria-expanded=\"false\" aria-controls=\"accordion-596235790-content\">\n\t\t\t<button class=\"toggle\" aria-label=\"Toggle\"><i class=\"icon-angle-down\" aria-hidden=\"true\"><\/i><\/button>\n\t\t\t<span>Estrutura Organizacional<\/span>\n\t\t<\/a>\n\t\t<div id=\"accordion-596235790-content\" class=\"accordion-inner\" aria-labelledby=\"accordion-596235790-label\">\n\t\t\t\n\n<h3>SPDM<\/h3>\n<h3><a href=\"https:\/\/urh.spdmafiliadas.org.br\/wp-content\/uploads\/sites\/4\/2024\/02\/equipe-diretiva-spdm.png\"><img loading=\"lazy\" decoding=\"async\" class=\"alignnone wp-image-9110\" src=\"https:\/\/urh.spdmafiliadas.org.br\/wp-content\/uploads\/sites\/4\/2024\/02\/equipe-diretiva-spdm.png\" alt=\"equipe diretiva\" width=\"409\" height=\"502\" \/><\/a><\/h3>\n<h4>Equipe Diretiva<\/h4>\n<div class=\"row\"  id=\"row-1156890963\">\n\n\n\t<div id=\"col-1568671152\" class=\"col medium-5 small-12 large-5\"  >\n\t\t\t\t<div class=\"col-inner\"  >\n\t\t\t\n\t\t\t\n\n<div>Quirino Cordeiro Junior<\/div>\n<div>Cargo: Diretor T\u00e9cnico<\/div>\n<div>Telefone: (11) 4280-3820<\/div>\n<div>E-mail: diretoria@hub.spdm.org.br<\/div>\n<div>\u00a0<\/div>\n<div>Ana Carolina Siqueira<\/div>\n<div>Cargo: Diretora de Enfermagem<\/div>\n<div>Telefone: (11) 4280-3820<\/div>\n<div>E-mail: diretoria@hub.spdm.org.br<\/div>\n<div>\u00a0<\/div>\n<div>Suely Freie da Silva<\/div>\n<div>Cargo: Diretora Administrativa<\/div>\n<div>Telefone: (11) 4280-3820<\/div>\n<div>E-mail: diretoria@hub.spdm.org.br<\/div>\n\n\t\t<\/div>\n\t\t\t\t\t<\/div>\n\n\t\n\n\t<div id=\"col-1582529186\" class=\"col medium-7 small-12 large-7\"  >\n\t\t\t\t<div class=\"col-inner\"  >\n\t\t\t\n\t\t\t\n\n<div class=\"accordion\">\r\n\r\n\t<div id=\"accordion-869568807\" class=\"accordion-item\">\n\t\t<a id=\"accordion-869568807-label\" class=\"accordion-title plain\" href=\"#accordion-item-compet\u00eancias-organizacionais\" aria-expanded=\"false\" aria-controls=\"accordion-869568807-content\">\n\t\t\t<button class=\"toggle\" aria-label=\"Toggle\"><i class=\"icon-angle-down\" aria-hidden=\"true\"><\/i><\/button>\n\t\t\t<span>Compet\u00eancias Organizacionais<\/span>\n\t\t<\/a>\n\t\t<div id=\"accordion-869568807-content\" class=\"accordion-inner\" aria-labelledby=\"accordion-869568807-label\">\n\t\t\t\r\n\r\n<ul>\r\n<li style=\"font-weight: 400; text-align: justify;\"><span style=\"font-weight: 400;\">Trabalho em equipe;<\/span><\/li>\r\n<li style=\"font-weight: 400; text-align: justify;\"><span style=\"font-weight: 400;\">Comunica\u00e7\u00e3o;<\/span><\/li>\r\n<li style=\"font-weight: 400; text-align: justify;\"><span style=\"font-weight: 400;\">Relacionamento interpessoal;<\/span><\/li>\r\n<li style=\"font-weight: 400; text-align: justify;\"><span style=\"font-weight: 400;\">Foco no resultado;<\/span><\/li>\r\n<li style=\"font-weight: 400; text-align: justify;\"><span style=\"font-weight: 400;\">Flexibilidade e adaptabilidade;<\/span><\/li>\r\n<li style=\"font-weight: 400; text-align: justify;\"><span style=\"font-weight: 400;\">Foco no cliente;<\/span><\/li>\r\n<li style=\"font-weight: 400; text-align: justify;\"><span style=\"font-weight: 400;\">Curiosidade e esp\u00edrito de pesquisa;<\/span><\/li>\r\n<li style=\"font-weight: 400; text-align: justify;\"><span style=\"font-weight: 400;\">Desenvolver, aplicar e difundir conhecimento;<\/span><\/li>\r\n<li style=\"font-weight: 400; text-align: justify;\"><span style=\"font-weight: 400;\">Lideran\u00e7a e coaching;<\/span><\/li>\r\n<li style=\"font-weight: 400; text-align: justify;\"><span style=\"font-weight: 400;\">Vis\u00e3o sist\u00eamica;<\/span><\/li>\r\n<li style=\"font-weight: 400; text-align: justify;\"><span style=\"font-weight: 400;\">Negocia\u00e7\u00e3o;<\/span><\/li>\r\n<li style=\"font-weight: 400; text-align: justify;\"><span style=\"font-weight: 400;\">Criatividade e inova\u00e7\u00e3o;<\/span><\/li>\r\n<li style=\"font-weight: 400; text-align: justify;\"><span style=\"font-weight: 400;\">Empreendedorismo;<\/span><\/li>\r\n<li style=\"font-weight: 400; text-align: justify;\"><span style=\"font-weight: 400;\">Compliance.<\/span><\/li>\r\n<\/ul>\r\n\r\n\t\t<\/div>\n\t<\/div>\n\t\r\n\r\n<\/div>\n\n\n\t\t<\/div>\n\t\t\t\t\t<\/div>\n\n\t\n\n<\/div>\n\n\t\t<\/div>\n\t<\/div>\n\t\n\t<div id=\"accordion-3066792036\" class=\"accordion-item\">\n\t\t<a id=\"accordion-3066792036-label\" class=\"accordion-title plain\" href=\"#accordion-item-institucional\" aria-expanded=\"false\" aria-controls=\"accordion-3066792036-content\">\n\t\t\t<button class=\"toggle\" aria-label=\"Toggle\"><i class=\"icon-angle-down\" aria-hidden=\"true\"><\/i><\/button>\n\t\t\t<span>Institucional<\/span>\n\t\t<\/a>\n\t\t<div id=\"accordion-3066792036-content\" class=\"accordion-inner\" aria-labelledby=\"accordion-3066792036-label\">\n\t\t\t\n\n<p><a href=\"https:\/\/spdm.org.br\/acesso-a-informacao\/normas-e-documentos\/\">Estatuto Social<\/a><\/p>\n\n\t\t<\/div>\n\t<\/div>\n\t\n\t<div id=\"accordion-336763067\" class=\"accordion-item\">\n\t\t<a id=\"accordion-336763067-label\" class=\"accordion-title plain\" href=\"#accordion-item-pessoal\" aria-expanded=\"false\" aria-controls=\"accordion-336763067-content\">\n\t\t\t<button class=\"toggle\" aria-label=\"Toggle\"><i class=\"icon-angle-down\" aria-hidden=\"true\"><\/i><\/button>\n\t\t\t<span>Pessoal<\/span>\n\t\t<\/a>\n\t\t<div id=\"accordion-336763067-content\" class=\"accordion-inner\" aria-labelledby=\"accordion-336763067-label\">\n\t\t\t\n\n<p><a href=\"http:\/\/ccdq.animaker.com.br\/wp-content\/uploads\/sites\/161\/2025\/06\/Regulamento-de-Selecao-e-Contratacao-de-Pessoal-\u2013-Publicacao-Diario-Oficial.pdf\">Regulamento de Selec\u0327a\u0303o e Contratac\u0327a\u0303o de Pessoal \u2013 Publicac\u0327a\u0303o Dia\u0301rio Oficial<\/a><\/p>\n<h5>Unidades I e II:<\/h5>\n<ul>\n<li><a href=\"http:\/\/ccdq.animaker.com.br\/wp-content\/uploads\/sites\/161\/2025\/06\/DEMONSTRATIVO-GASTO-COM-PESSOAL-2025-7.pdf\">DEMONSTRATIVO GASTO COM PESSOAL &#8211; 2025<\/a><\/li>\n<li><a href=\"http:\/\/ccdq.animaker.com.br\/wp-content\/uploads\/sites\/161\/2025\/05\/DEMONSTRATIVO-GASTO-COM-PESSOAL-2024-1.pdf\">DEMONSTRATIVO GASTO COM PESSOAL &#8211; 2024<\/a><\/li>\n<\/ul>\n<div class=\"accordion\">\n\n\t<div id=\"accordion-1756920626\" class=\"accordion-item\">\n\t\t<a id=\"accordion-1756920626-label\" class=\"accordion-title plain\" href=\"#accordion-item-quadro-de-pessoal\" aria-expanded=\"false\" aria-controls=\"accordion-1756920626-content\">\n\t\t\t<button class=\"toggle\" aria-label=\"Toggle\"><i class=\"icon-angle-down\" aria-hidden=\"true\"><\/i><\/button>\n\t\t\t<span>Quadro de Pessoal<\/span>\n\t\t<\/a>\n\t\t<div id=\"accordion-1756920626-content\" class=\"accordion-inner\" aria-labelledby=\"accordion-1756920626-label\">\n\t\t\t\n\n<ul>\n<li><a href=\"http:\/\/ccdq.animaker.com.br\/wp-content\/uploads\/sites\/161\/2025\/03\/Quadro-de-Pessoal-CCDQ-1.pdf\">Quadro de Pessoal CCDQ<\/a><\/li>\n<li><a href=\"http:\/\/ccdq.animaker.com.br\/wp-content\/uploads\/sites\/161\/2025\/03\/2025-Relatorio-de-Transparencia-1\u00b0-Semestre-2.pdf\">2025 - Relato\u0301rio de Transpare\u0302ncia (1\u00b0 Semestre)<\/a><\/li>\n<li><a href=\"https:\/\/urh.spdmafiliadas.org.br\/wp-content\/uploads\/sites\/4\/2024\/09\/2024-Relatorio-de-Transparencia-2o-Semestre-29.pdf\">2024 - Relato\u0301rio de Transpare\u0302ncia (2\u00ba Semestre)<\/a><\/li>\n<\/ul>\n\n\t\t<\/div>\n\t<\/div>\n\t\n\n<\/div>\n\n\n\t\t<\/div>\n\t<\/div>\n\t\n\t<div id=\"accordion-2320678236\" class=\"accordion-item\">\n\t\t<a id=\"accordion-2320678236-label\" class=\"accordion-title plain\" href=\"#accordion-item-relat\u00f3rios-anuais\" aria-expanded=\"false\" aria-controls=\"accordion-2320678236-content\">\n\t\t\t<button class=\"toggle\" aria-label=\"Toggle\"><i class=\"icon-angle-down\" aria-hidden=\"true\"><\/i><\/button>\n\t\t\t<span>Relat\u00f3rios Anuais<\/span>\n\t\t<\/a>\n\t\t<div id=\"accordion-2320678236-content\" class=\"accordion-inner\" aria-labelledby=\"accordion-2320678236-label\">\n\t\t\t\n\n<h5>Unidades I e II:<\/h5>\n<ul>\n<li><a href=\"http:\/\/ccdq.animaker.com.br\/wp-content\/uploads\/sites\/161\/2025\/05\/2024-Relatorio-de-Atividades.pdf\">2024 Relato\u0301rio de Atividades<\/a><\/li>\n<\/ul>\n<p>\u00a0<\/p>\n<p>\u00a0<\/p>\n\n\t\t<\/div>\n\t<\/div>\n\t\n\t<div id=\"accordion-2022658\" class=\"accordion-item\">\n\t\t<a id=\"accordion-2022658-label\" class=\"accordion-title plain\" href=\"#accordion-item-ouvidoria\" aria-expanded=\"false\" aria-controls=\"accordion-2022658-content\">\n\t\t\t<button class=\"toggle\" aria-label=\"Toggle\"><i class=\"icon-angle-down\" aria-hidden=\"true\"><\/i><\/button>\n\t\t\t<span>Ouvidoria<\/span>\n\t\t<\/a>\n\t\t<div id=\"accordion-2022658-content\" class=\"accordion-inner\" aria-labelledby=\"accordion-2022658-label\">\n\t\t\t\n\n<h5>Unidades I e II:<\/h5>\n<ul>\n<li><a href=\"http:\/\/ccdq.animaker.com.br\/wp-content\/uploads\/sites\/161\/2025\/06\/REGISTROS-DE-ATENDIMENTOS-DA-OUVIDORIA-2025-1.pdf\">REGISTROS DE ATENDIMENTOS DA OUVIDORIA &#8211; 2025<\/a><\/li>\n<\/ul>\n\n\t\t<\/div>\n\t<\/div>\n\t\n\t<div id=\"accordion-1100358583\" class=\"accordion-item\">\n\t\t<a id=\"accordion-1100358583-label\" class=\"accordion-title plain\" href=\"#accordion-item-servi\u00e7o-terceiro\" aria-expanded=\"false\" aria-controls=\"accordion-1100358583-content\">\n\t\t\t<button class=\"toggle\" aria-label=\"Toggle\"><i class=\"icon-angle-down\" aria-hidden=\"true\"><\/i><\/button>\n\t\t\t<span>Servi\u00e7o Terceiro<\/span>\n\t\t<\/a>\n\t\t<div id=\"accordion-1100358583-content\" class=\"accordion-inner\" aria-labelledby=\"accordion-1100358583-label\">\n\t\t\t\n\n<h5>Unidades I e II:<\/h5>\n<ul>\n<li><a href=\"http:\/\/ccdq.animaker.com.br\/wp-content\/uploads\/sites\/161\/2025\/06\/Relacao-Prestadores-de-Servicos-\u2013-Pessoa-Juridica-2025.pdf\">Relac\u0327a\u0303o Prestadores de Servic\u0327os \u2013 Pessoa Juri\u0301dica 2025<\/a><\/li>\n<\/ul>\n\n\t\t<\/div>\n\t<\/div>\n\t\n\t<div id=\"accordion-3190088199\" class=\"accordion-item\">\n\t\t<a id=\"accordion-3190088199-label\" class=\"accordion-title plain\" href=\"#accordion-item-sobre-a-lei-de-acesso-a-informa\u00e7\u00e3o\" aria-expanded=\"false\" aria-controls=\"accordion-3190088199-content\">\n\t\t\t<button class=\"toggle\" aria-label=\"Toggle\"><i class=\"icon-angle-down\" aria-hidden=\"true\"><\/i><\/button>\n\t\t\t<span>Sobre a Lei de Acesso a Informa\u00e7\u00e3o<\/span>\n\t\t<\/a>\n\t\t<div id=\"accordion-3190088199-content\" class=\"accordion-inner\" aria-labelledby=\"accordion-3190088199-label\">\n\t\t\t\n\n<p><a href=\"http:\/\/www.acessoainformacao.gov.br\/\"><span style=\"font-weight: 400\">Lei de Acesso a Informa\u00e7\u00e3o<\/span><\/a><\/p>\n\n\t\t<\/div>\n\t<\/div>\n\t\n\t<div id=\"accordion-60395206\" class=\"accordion-item\">\n\t\t<a id=\"accordion-60395206-label\" class=\"accordion-title plain\" href=\"#accordion-item-estrutura\u00e7\u00e3o-da-informa\u00e7\u00e3o\" aria-expanded=\"false\" aria-controls=\"accordion-60395206-content\">\n\t\t\t<button class=\"toggle\" aria-label=\"Toggle\"><i class=\"icon-angle-down\" aria-hidden=\"true\"><\/i><\/button>\n\t\t\t<span>Estrutura\u00e7\u00e3o da Informa\u00e7\u00e3o<\/span>\n\t\t<\/a>\n\t\t<div id=\"accordion-60395206-content\" class=\"accordion-inner\" aria-labelledby=\"accordion-60395206-label\">\n\t\t\t\n\n<p><img loading=\"lazy\" decoding=\"async\" class=\"alignnone size-full wp-image-152\" src=\"https:\/\/urh.spdmafiliadas.org.br\/wp-content\/uploads\/sites\/4\/2019\/05\/spdm-icon-v4.png\" alt=\"\" width=\"670\" height=\"930\" \/><\/p>\n\n\t\t<\/div>\n\t<\/div>\n\t\n\n<\/div>\n\n\t\t<\/div>\n\t\t\t\t\t<\/div>\n\n\t\n\n<\/div>\n\n","protected":false},"excerpt":{"rendered":"","protected":false},"author":14,"featured_media":0,"parent":0,"menu_order":0,"comment_status":"closed","ping_status":"closed","template":"","meta":{"footnotes":""},"class_list":["post-7568","page","type-page","status-publish","hentry"],"_links":{"self":[{"href":"https:\/\/ccdq.animaker.com.br\/index.php?rest_route=\/wp\/v2\/pages\/7568","targetHints":{"allow":["GET"]}}],"collection":[{"href":"https:\/\/ccdq.animaker.com.br\/index.php?rest_route=\/wp\/v2\/pages"}],"about":[{"href":"https:\/\/ccdq.animaker.com.br\/index.php?rest_route=\/wp\/v2\/types\/page"}],"author":[{"embeddable":true,"href":"https:\/\/ccdq.animaker.com.br\/index.php?rest_route=\/wp\/v2\/users\/14"}],"replies":[{"embeddable":true,"href":"https:\/\/ccdq.animaker.com.br\/index.php?rest_route=%2Fwp%2Fv2%2Fcomments&post=7568"}],"version-history":[{"count":0,"href":"https:\/\/ccdq.animaker.com.br\/index.php?rest_route=\/wp\/v2\/pages\/7568\/revisions"}],"wp:attachment":[{"href":"https:\/\/ccdq.animaker.com.br\/index.php?rest_route=%2Fwp%2Fv2%2Fmedia&parent=7568"}],"curies":[{"name":"wp","href":"https:\/\/api.w.org\/{rel}","templated":true}]}}