{"id":7538,"date":"2015-06-03T19:35:19","date_gmt":"2015-06-03T22:35:19","guid":{"rendered":"http:\/\/s11396.p20.sites.pressdns.com\/?page_id=6571"},"modified":"2015-06-03T19:35:19","modified_gmt":"2015-06-03T22:35:19","slug":"gestao-ambiental","status":"publish","type":"page","link":"https:\/\/ccdq.animaker.com.br\/?page_id=7538","title":{"rendered":"Gest\u00e3o Ambiental"},"content":{"rendered":"<div class=\"container section-title-container\" ><h3 class=\"section-title section-title-normal\"><b aria-hidden=\"true\"><\/b><span class=\"section-title-main\" >Gest\u00e3o Ambiental<\/span><b aria-hidden=\"true\"><\/b><\/h3><\/div>\n<div class=\"row\"  id=\"row-1073493266\">\n\n\t<div id=\"col-538156743\" class=\"col medium-6 small-12 large-6\"  >\n\t\t\t\t<div class=\"col-inner\"  >\n\t\t\t\n\t\t\t\n<p style=\"text-align: justify\"><span style=\"font-size: 75%\"><button id=\"bb1\" type=\"button\" value=\"Play\" class=\"responsivevoice-button\" title=\"ResponsiveVoice Tap to Start\/Stop Speech\"><span>&#128266; Ouvir<\/span><\/button>\n        <script>\n            bb1.onclick = function(){\n                if(responsiveVoice.isPlaying()){\n                    responsiveVoice.cancel();\n                }else{\n                    responsiveVoice.speak(\"A Gest\u00e3o Ambiental prop\u00f5e a\u00e7\u00f5es preventivas que asseguram a qualidade ambiental, controlando os processos das atividades geridas na unidade, a fim de construir uma cadeia segura e ambientalmente correta, que atende \u00e0 legisla\u00e7\u00e3o local e que esteja dentro do comprometimento da miss\u00e3o da Unidade Recome\u00e7o Helv\u00e9tia. Estas a\u00e7\u00f5es visam garantir a minimiza\u00e7\u00e3o de riscos ambientais que as atividades possam causar aos freq\u00fcentadores, aos colaboradores e implica\u00e7\u00f5es ao ambiente interno e externo da Unidade Recome\u00e7o Helv\u00e9tia.\", \"Brazilian Portuguese Female\");\n                }\n            };\n        <\/script>\n    <\/span>A Gest\u00e3o Ambiental prop\u00f5e a\u00e7\u00f5es preventivas que asseguram a qualidade ambiental, controlando os processos das atividades geridas na unidade, a fim de construir uma cadeia segura e ambientalmente correta, que atende \u00e0 legisla\u00e7\u00e3o local e que esteja dentro do comprometimento da miss\u00e3o da Unidade Recome\u00e7o Helv\u00e9tia.<\/p>\n<p style=\"text-align: justify\">Estas a\u00e7\u00f5es visam garantir a minimiza\u00e7\u00e3o de riscos ambientais que as atividades possam causar aos freq\u00fcentadores, aos colaboradores e implica\u00e7\u00f5es ao ambiente interno e externo da Unidade Recome\u00e7o Helv\u00e9tia.<span style=\"font-size: 14.4px\"><\/span><\/p>\n\t\t<\/div>\n\t\t\t\t\t<\/div>\n\n\t\n\n\t<div id=\"col-258145219\" class=\"col medium-6 small-12 large-6\"  >\n\t\t\t\t<div class=\"col-inner\"  >\n\t\t\t\n\t\t\t\n<div class=\"accordion\">\n\t<div id=\"accordion-2743786268\" class=\"accordion-item\">\n\t\t<a id=\"accordion-2743786268-label\" class=\"accordion-title plain\" href=\"#accordion-item-pgrss-(plano-de-gerenciamento-de-res\u00edduos-servi\u00e7os-de-sa\u00fade)\" aria-expanded=\"false\" aria-controls=\"accordion-2743786268-content\">\n\t\t\t<button class=\"toggle\" aria-label=\"Toggle\"><i class=\"icon-angle-down\" aria-hidden=\"true\"><\/i><\/button>\n\t\t\t<span>PGRSS (Plano de Gerenciamento de Res\u00edduos Servi\u00e7os de Sa\u00fade)<\/span>\n\t\t<\/a>\n\t\t<div id=\"accordion-2743786268-content\" class=\"accordion-inner\" aria-labelledby=\"accordion-2743786268-label\">\n\t\t\t\n<p style=\"text-align: justify\"><span style=\"font-size: 75%\"><button id=\"bb2\" type=\"button\" value=\"Play\" class=\"responsivevoice-button\" title=\"ResponsiveVoice Tap to Start\/Stop Speech\"><span>&#128266; Ouvir<\/span><\/button>\n        <script>\n            bb2.onclick = function(){\n                if(responsiveVoice.isPlaying()){\n                    responsiveVoice.cancel();\n                }else{\n                    responsiveVoice.speak(\"A Unidade Recome\u00e7o Helv\u00e9tia adotar\u00e1 o PGRSS, que \u00e9 baseado nos princ\u00edpios de n\u00e3o gera\u00e7\u00e3o ou minimiza\u00e7\u00e3o de res\u00edduos, observando os aspectos descritos abaixo, reduzindo os riscos ao meio ambiente, sempre adotando pr\u00e1ticas em conformidade com a legisla\u00e7\u00e3o vigente. Aspectos analisados para n\u00e3o gera\u00e7\u00e3o ou minimiza\u00e7\u00e3o de res\u00edduos: -Tipo do processo \u2013 Gera\u00e7\u00e3o de res\u00edduos \u2013 Segrega\u00e7\u00e3o \u2013 Armazenamento \u2013 Acondicionamento \u2013 Transporte tempor\u00e1rio \u2013 Identifica\u00e7\u00e3o \u2013 Tratamento interno e externo \u2013 Coleta \u2013 Disposi\u00e7\u00e3o final J\u00e1 s\u00e3o praticadas atividades que visam a conscientiza\u00e7\u00e3o do consumo racional de \u00e1gua e energia, e est\u00e3o previstas pr\u00e1ticas para uso e descarte consciente de pilhas e baterias, res\u00edduos, reaproveitamento de papel e coleta seletiva.\", \"Brazilian Portuguese Female\");\n                }\n            };\n        <\/script>\n    <\/span>A Unidade Recome\u00e7o Helv\u00e9tia adotar\u00e1 o PGRSS, que \u00e9 baseado nos princ\u00edpios de n\u00e3o gera\u00e7\u00e3o ou minimiza\u00e7\u00e3o de res\u00edduos, observando os aspectos descritos abaixo, reduzindo os riscos ao meio ambiente, sempre adotando pr\u00e1ticas em conformidade com a legisla\u00e7\u00e3o vigente.<\/p>\n<p style=\"text-align: justify\">Aspectos analisados para n\u00e3o gera\u00e7\u00e3o ou minimiza\u00e7\u00e3o de res\u00edduos:<\/p>\n<p style=\"text-align: justify\">-Tipo do processo<\/p>\n<p style=\"text-align: justify\">\u2013 Gera\u00e7\u00e3o de res\u00edduos<\/p>\n<p style=\"text-align: justify\">\u2013 Segrega\u00e7\u00e3o<\/p>\n<p style=\"text-align: justify\">\u2013 Armazenamento<\/p>\n<p style=\"text-align: justify\">\u2013 Acondicionamento<\/p>\n<p style=\"text-align: justify\">\u2013 Transporte tempor\u00e1rio<\/p>\n<p style=\"text-align: justify\">\u2013 Identifica\u00e7\u00e3o<\/p>\n<p style=\"text-align: justify\">\u2013 Tratamento interno e externo<\/p>\n<p style=\"text-align: justify\">\u2013 Coleta<\/p>\n<p style=\"text-align: justify\">\u2013 Disposi\u00e7\u00e3o final<\/p>\n<p style=\"text-align: justify\">J\u00e1 s\u00e3o praticadas atividades que visam a conscientiza\u00e7\u00e3o do consumo racional de \u00e1gua e energia, e est\u00e3o previstas pr\u00e1ticas para uso e descarte consciente de pilhas e baterias, res\u00edduos, reaproveitamento de papel e coleta seletiva.\n\t\t<\/div>\n\t<\/div>\n\t\n<\/div>\n\t\t<\/div>\n\t\t\t\t\t<\/div>\n\n\t\n<\/div>\n","protected":false},"excerpt":{"rendered":"","protected":false},"author":14,"featured_media":0,"parent":0,"menu_order":0,"comment_status":"closed","ping_status":"closed","template":"","meta":{"footnotes":""},"class_list":["post-7538","page","type-page","status-publish","hentry"],"_links":{"self":[{"href":"https:\/\/ccdq.animaker.com.br\/index.php?rest_route=\/wp\/v2\/pages\/7538","targetHints":{"allow":["GET"]}}],"collection":[{"href":"https:\/\/ccdq.animaker.com.br\/index.php?rest_route=\/wp\/v2\/pages"}],"about":[{"href":"https:\/\/ccdq.animaker.com.br\/index.php?rest_route=\/wp\/v2\/types\/page"}],"author":[{"embeddable":true,"href":"https:\/\/ccdq.animaker.com.br\/index.php?rest_route=\/wp\/v2\/users\/14"}],"replies":[{"embeddable":true,"href":"https:\/\/ccdq.animaker.com.br\/index.php?rest_route=%2Fwp%2Fv2%2Fcomments&post=7538"}],"version-history":[{"count":0,"href":"https:\/\/ccdq.animaker.com.br\/index.php?rest_route=\/wp\/v2\/pages\/7538\/revisions"}],"wp:attachment":[{"href":"https:\/\/ccdq.animaker.com.br\/index.php?rest_route=%2Fwp%2Fv2%2Fmedia&parent=7538"}],"curies":[{"name":"wp","href":"https:\/\/api.w.org\/{rel}","templated":true}]}}