{"id":7733,"date":"2019-11-27T21:30:37","date_gmt":"2019-11-27T21:30:37","guid":{"rendered":"http:\/\/2urh.animaker.com.br\/?page_id=7733"},"modified":"2025-04-07T13:37:26","modified_gmt":"2025-04-07T13:37:26","slug":"moradia-monitorada","status":"publish","type":"page","link":"http:\/\/ccdq.animaker.com.br\/?page_id=7733","title":{"rendered":"Moradia Monitorada"},"content":{"rendered":"\n<div class=\"container section-title-container\" ><h3 class=\"section-title section-title-normal\"><b aria-hidden=\"true\"><\/b><span class=\"section-title-main\" >Observa\u00e7\u00e3o Unidade I<\/span><b aria-hidden=\"true\"><\/b><\/h3><\/div>\n\n<div class=\"row\"  id=\"row-1835540232\">\n\n\n\t<div id=\"col-1069115751\" class=\"col small-12 large-12\"  >\n\t\t\t\t<div class=\"col-inner\"  >\n\t\t\t\n\t\t\t\n\n<p style=\"text-align: justify;\"><span style=\"font-size: 75%;\"><button id=\"bb1\" type=\"button\" value=\"Play\" class=\"responsivevoice-button\" title=\"ResponsiveVoice Tap to Start\/Stop Speech\"><span>&#128266; Ouvir<\/span><\/button>\n        <script>\n            bb1.onclick = function(){\n                if(responsiveVoice.isPlaying()){\n                    responsiveVoice.cancel();\n                }else{\n                    responsiveVoice.speak(\"A unidade de Observa\u00e7\u00e3o do Complexo desempenha uma fun\u00e7\u00e3o importante no cuidado \u00e0 depend\u00eancia qu\u00edmica, sendo respons\u00e1vel pela estabiliza\u00e7\u00e3o cl\u00ednica de indiv\u00edduos em situa\u00e7\u00f5es de crise. Seu objetivo \u00e9 tratar quadros cl\u00ednicos e psiqui\u00e1tricos agudos relacionados ao uso de subst\u00e2ncias psicoativas, sendo caracterizada como uma unidade de cuidado por um per\u00edodo breve e intensivo de cuidados. Ap\u00f3s a conclus\u00e3o da fase de estabiliza\u00e7\u00e3o, cada caso \u00e9 avaliado pela equipe multidisciplinar para definir o desfecho mais adequado, que pode ser: alta qualificada com seguimento em Centros de Aten\u00e7\u00e3o Psicossocial (CAPS); ou encaminhamento para interna\u00e7\u00f5es breves em hospitais, indicado para pacientes que necessitam de cuidados hospitalares mais intensivos; ou encaminhamento para a rede socioassistencial, direcionando para servi\u00e7os como Casas e Comunidades Terap\u00eauticas e outros dispositivos da rede, visando a continuidade do tratamento e o suporte social necess\u00e1rio para a recupera\u00e7\u00e3o a longo prazo.\", \"Brazilian Portuguese Female\");\n                }\n            };\n        <\/script>\n    <\/span><span style=\"font-weight: 400;\">A unidade de Observa\u00e7\u00e3o do Complexo desempenha uma fun\u00e7\u00e3o importante no cuidado \u00e0 depend\u00eancia qu\u00edmica, sendo respons\u00e1vel pela estabiliza\u00e7\u00e3o cl\u00ednica de indiv\u00edduos em situa\u00e7\u00f5es de crise. Seu objetivo \u00e9 tratar quadros cl\u00ednicos e psiqui\u00e1tricos agudos relacionados ao uso de subst\u00e2ncias psicoativas, sendo caracterizada como uma unidade de cuidado por um per\u00edodo breve e intensivo de cuidados.<\/span><\/p>\n<p style=\"text-align: justify;\"><span style=\"font-weight: 400;\">Ap\u00f3s a conclus\u00e3o da fase de estabiliza\u00e7\u00e3o, cada caso \u00e9 avaliado pela equipe multidisciplinar para definir o desfecho mais adequado, que pode ser: alta qualificada com seguimento em Centros de Aten\u00e7\u00e3o Psicossocial (CAPS); ou encaminhamento para interna\u00e7\u00f5es breves em hospitais, indicado para pacientes que necessitam de cuidados hospitalares mais intensivos; ou encaminhamento para a rede socioassistencial, direcionando para servi\u00e7os como Casas e Comunidades Terap\u00eauticas e outros dispositivos da rede, visando a continuidade do tratamento e o suporte social necess\u00e1rio para a recupera\u00e7\u00e3o a longo prazo.<\/span><\/p>\n<p style=\"text-align: justify;\">\n\n\t\t<\/div>\n\t\t\t\t\t<\/div>\n\n\t\n\n<\/div>\n\n","protected":false},"excerpt":{"rendered":"","protected":false},"author":14,"featured_media":0,"parent":0,"menu_order":0,"comment_status":"closed","ping_status":"closed","template":"","meta":{"footnotes":""},"class_list":["post-7733","page","type-page","status-publish","hentry"],"_links":{"self":[{"href":"http:\/\/ccdq.animaker.com.br\/index.php?rest_route=\/wp\/v2\/pages\/7733","targetHints":{"allow":["GET"]}}],"collection":[{"href":"http:\/\/ccdq.animaker.com.br\/index.php?rest_route=\/wp\/v2\/pages"}],"about":[{"href":"http:\/\/ccdq.animaker.com.br\/index.php?rest_route=\/wp\/v2\/types\/page"}],"author":[{"embeddable":true,"href":"http:\/\/ccdq.animaker.com.br\/index.php?rest_route=\/wp\/v2\/users\/14"}],"replies":[{"embeddable":true,"href":"http:\/\/ccdq.animaker.com.br\/index.php?rest_route=%2Fwp%2Fv2%2Fcomments&post=7733"}],"version-history":[{"count":0,"href":"http:\/\/ccdq.animaker.com.br\/index.php?rest_route=\/wp\/v2\/pages\/7733\/revisions"}],"wp:attachment":[{"href":"http:\/\/ccdq.animaker.com.br\/index.php?rest_route=%2Fwp%2Fv2%2Fmedia&parent=7733"}],"curies":[{"name":"wp","href":"https:\/\/api.w.org\/{rel}","templated":true}]}}